{"id":254,"date":"2013-06-21T08:55:41","date_gmt":"2013-06-21T06:55:41","guid":{"rendered":"http:\/\/sdeaa.feaa.uaic.ro\/?page_id=254"},"modified":"2016-10-26T15:25:18","modified_gmt":"2016-10-26T13:25:18","slug":"conducatori-de-doctorat","status":"publish","type":"page","link":"http:\/\/sdeaa.feaa.uaic.ro\/?page_id=254","title":{"rendered":"Doctoral supervisors"},"content":{"rendered":"<p>&nbsp;<\/p>\n<p><strong>1. Cybernetics and Statistics<\/strong><br \/>\nProf. univ. dr. Dinu AIRINEI &#8211;\u00a0<em>adinu@uaic.ro; 0232\/201071<\/em><br \/>\nProf. univ. dr. Anca Laura ASANDULUI &#8211;\u00a0<em>asand@uaic.ro; 0232\/201411<\/em><br \/>\nProf. univ. dr. Ana GRAMA &#8211; agrama@uaic.ro; 0232\/201392<br \/>\nProf univ. dr. Elisabeta JABA (in cotutel\u0103) &#8211;\u00a0<em>ejaba@uaic.ro; 0232\/201409<\/em><br \/>\nProf. univ. dr. Elena Carmen PINTILESCU &#8211;\u00a0<em>carmen.pintilescu@uaic.ro; 0232\/201627<\/em><\/p>\n<p><strong>2. Accountancy<\/strong><br \/>\nProf. univ. dr. Ioan ANDONE &#8211;\u00a0<em>iandone@uaic.ro<\/em><br \/>\nProf univ. dr. Iuliana Eugenia GEORGESCU &#8211;\u00a0<em>iuliag@uaic.ro; 0232\/201391<\/em><br \/>\nProf univ. dr. Emil HOROMNEA (in cotutel\u0103) &#8211;\u00a0<em>ehoromnea@yahoo.com; 0232\/201601<\/em><br \/>\nProf univ. dr. Marilena MIRONIUC &#8211;\u00a0<em>marinela@uaic.ro; 0232\/201454<\/em><br \/>\nProf univ. dr. Neculai TAB\u0102R\u0102 &#8211;\u00a0<em>0232\/201601<\/em><\/p>\n<p><strong>3. Economics<\/strong><br \/>\nProf univ. dr. Ion IGNAT &#8211;\u00a0<em>ignation@uaic.ro; 0232\/201609<\/em><br \/>\nProf. univ. dr. Victor PLOAE &#8211;\u00a0<em>vploae@univ-ovidius.ro<\/em><br \/>\nProf. univ. dr. Ion POHOA\u0162\u0102 &#8211;\u00a0<em>ionpohoata@yahoo.com; 0232\/201397<\/em><\/p>\n<p><strong>4. Economics and International Affairs<\/strong><br \/>\nProf. univ. dr. Spiridon PRALEA &#8211;\u00a0<em>pralea@uaic.ro; 0232\/201393<\/em><br \/>\nProf. univ. dr. Gabriela Carmen PASCARIU &#8211;\u00a0<em>gcpas@uaic.ro; 0232\/201402<\/em><\/p>\n<p><strong>5. Finance<br \/>\n<\/strong>Lect. univ. dr. Alin-Marius ANDRIE\u0218<em><em> &#8211; alin.andries<\/em><\/em><em><em><em>@uaic.ro<\/em><\/em><\/em><strong><em><em><em><br \/>\n<\/em><\/em><\/em><\/strong>Conf. univ. dr. Sebastian Bogdan C\u0102PRARU <em>&#8211;\u00a0csb@uaic.ro<\/em><br \/>\nProf. univ. dr. Vasile COCRI\u015e &#8211;\u00a0<em>vcocris@uaic.ro; 0232\/201451<\/em><br \/>\nProf. univ. dr. Mihaela ONOFREI &#8211; onofrei@uaic.ro<em>;\u00a0<em>0232\/201429<\/em><\/em><br \/>\nProf. univ. dr. Ovidiu STOICA\u00a0&#8211;\u00a0<em>ostoica@uaic.ro;\u00a0<em>0232\/201433<\/em><\/em><\/p>\n<p><strong>6. Informatics<\/strong><br \/>\nProf. univ. dr. Florin DUMITRIU &#8211;\u00a0<em>fdumi@uaic.ro; 0232\/201585<\/em><br \/>\nProf. univ. dr. Marin FOTACHE &#8211;\u00a0<em>fotache@uaic.ro; 0232\/201430<\/em><br \/>\nProf. univ. dr. Mircea Radu GEORGESCU &#8211;\u00a0<em>mirceag@uaic.ro; 0232\/201587<\/em><br \/>\nProf. univ. dr. Gabriela ME\u015eNI\u0162\u0102 &#8211;\u00a0<em>gabriela.mesnita@feaa.uaic.ro; 0232\/201585<\/em><br \/>\nProf. univ. dr. Dumitru OPREA &#8211;\u00a0<em>doprea@uaic.ro; 0232\/201415<\/em><br \/>\nProf. univ. dr. Alexandru \u0162UGUI &#8211;\u00a0<em>altug@uaic.ro; 0232\/201600<\/em><\/p>\n<p><strong>7. Management<br \/>\n<\/strong>Prof. univ. dr. Daniela Tatiana AGHEORGHIESEI (Corodeanu) &#8211; dtc@uaic.ro; 0232\/201445<br \/>\nProf. univ. dr. Maria Viorica\u00a0BEDRULE-GRIGORU\u0162\u0102 &#8211;\u00a0<em>mvgri@uaic.ro; 0232\/201436<\/em><br \/>\nProf. univ. dr. Valentin NI\u0162\u0102 &#8211;\u00a0<em>valnit2003@gmail.com; 0232\/201453<\/em><br \/>\nProf. univ. dr. Panaite NICA &#8211;\u00a0<em>pnica@uaic.ro; 0232\/201065<\/em><br \/>\nProf. univ. dr. Adriana PRODAN &#8211;\u00a0<em>pada@uaic.ro; 0232\/201436<\/em><br \/>\nProf. univ. dr. Dumitru ZAI\u0162 &#8211;\u00a0<em>dzait@uaic.ro; 0323\/201437<\/em><\/p>\n<p><strong>8. Marketing<\/strong><br \/>\nProf. univ. dr. Emil MAXIM &#8211;\u00a0<em>emaxim@uaic.ro; 0232\/201407<\/em><br \/>\nProf. univ. dr. Corneliu MUNTEANU &#8211;\u00a0<em>cmuntean@uaic.ro; 0232\/201441<\/em><br \/>\nProf. univ. dr. \u015etefan PRUTIANU &#8211;\u00a0<em>pruti@uaic.ro; 0232\/201438<\/em><br \/>\nProf. univ. dr. Constantin SASU &#8211;\u00a0<em>csasu@uaic.ro; 0232\/201442<\/em><br \/>\nProf. univ. dr. Adriana ZAI\u0162 &#8211;\u00a0<em>azait@uaic.ro; 0232\/201437<\/em><\/p>\n<p>&nbsp;<\/p>\n<p>&nbsp;<\/p>\n<p>&nbsp;<\/p>\n<p>&nbsp;<\/p>\n<p>&nbsp;<\/p>\n","protected":false},"excerpt":{"rendered":"<p>&nbsp; 1. Cybernetics and Statistics Prof. univ. dr. Dinu AIRINEI &#8211;\u00a0adinu@uaic.ro; 0232\/201071 Prof. univ. dr. Anca Laura ASANDULUI &#8211;\u00a0asand@uaic.ro; 0232\/201411 Prof. univ. dr. Ana GRAMA &#8211; agrama@uaic.ro; 0232\/201392 Prof univ. dr. Elisabeta JABA (in cotutel\u0103) &#8211;\u00a0ejaba@uaic.ro; 0232\/201409 Prof. univ. dr. Elena Carmen PINTILESCU &#8211;\u00a0carmen.pintilescu@uaic.ro; 0232\/201627 2. Accountancy Prof. univ. dr. Ioan ANDONE &#8211;\u00a0iandone@uaic.ro Prof univ. [&hellip;]<\/p>\n","protected":false},"author":1,"featured_media":0,"parent":0,"menu_order":0,"comment_status":"open","ping_status":"closed","template":"","meta":{"footnotes":""},"class_list":["post-254","page","type-page","status-publish","hentry"],"_links":{"self":[{"href":"http:\/\/sdeaa.feaa.uaic.ro\/index.php?rest_route=\/wp\/v2\/pages\/254","targetHints":{"allow":["GET"]}}],"collection":[{"href":"http:\/\/sdeaa.feaa.uaic.ro\/index.php?rest_route=\/wp\/v2\/pages"}],"about":[{"href":"http:\/\/sdeaa.feaa.uaic.ro\/index.php?rest_route=\/wp\/v2\/types\/page"}],"author":[{"embeddable":true,"href":"http:\/\/sdeaa.feaa.uaic.ro\/index.php?rest_route=\/wp\/v2\/users\/1"}],"replies":[{"embeddable":true,"href":"http:\/\/sdeaa.feaa.uaic.ro\/index.php?rest_route=%2Fwp%2Fv2%2Fcomments&post=254"}],"version-history":[{"count":23,"href":"http:\/\/sdeaa.feaa.uaic.ro\/index.php?rest_route=\/wp\/v2\/pages\/254\/revisions"}],"predecessor-version":[{"id":703,"href":"http:\/\/sdeaa.feaa.uaic.ro\/index.php?rest_route=\/wp\/v2\/pages\/254\/revisions\/703"}],"wp:attachment":[{"href":"http:\/\/sdeaa.feaa.uaic.ro\/index.php?rest_route=%2Fwp%2Fv2%2Fmedia&parent=254"}],"curies":[{"name":"wp","href":"https:\/\/api.w.org\/{rel}","templated":true}]}}